{"id":17745,"date":"2025-04-22T09:36:56","date_gmt":"2025-04-22T09:36:56","guid":{"rendered":"https:\/\/strettodimessina.it\/web\/?page_id=17745"},"modified":"2025-04-22T09:38:02","modified_gmt":"2025-04-22T09:38:02","slug":"quali-sono-le-semplificazioni-e-agevolazioni-recentemente-introdotte-nella-valorizzazione-degli-espropri","status":"publish","type":"page","link":"https:\/\/strettodimessina.it\/web\/faq-domande-frequenti-ponte-sullo-stretto-di-messina\/quali-sono-le-semplificazioni-e-agevolazioni-recentemente-introdotte-nella-valorizzazione-degli-espropri\/","title":{"rendered":"Quali sono le semplificazioni e agevolazioni recentemente introdotte nella valorizzazione degli espropri?"},"content":{"rendered":"\t\t<div data-elementor-type=\"wp-post\" data-elementor-id=\"17745\" class=\"elementor elementor-17745\" data-elementor-post-type=\"page\">\n\t\t\t\t\t\t<section class=\"elementor-section elementor-top-section elementor-element elementor-element-c7ac5c4 elementor-section-boxed elementor-section-height-default elementor-section-height-default\" data-id=\"c7ac5c4\" data-element_type=\"section\" data-e-type=\"section\">\n\t\t\t\t\t\t<div class=\"elementor-container elementor-column-gap-default\">\n\t\t\t\t\t<div class=\"elementor-column elementor-col-100 elementor-top-column elementor-element elementor-element-8bcc195\" data-id=\"8bcc195\" data-element_type=\"column\" data-e-type=\"column\">\n\t\t\t<div class=\"elementor-widget-wrap elementor-element-populated\">\n\t\t\t\t\t\t<div class=\"elementor-element elementor-element-b9ea2de elementor-widget elementor-widget-wp-widget-bcn_widget\" data-id=\"b9ea2de\" data-element_type=\"widget\" data-e-type=\"widget\" data-widget_type=\"wp-widget-bcn_widget.default\">\n\t\t\t\t<div class=\"elementor-widget-container\">\n\t\t\t\t\t<span property=\"itemListElement\" typeof=\"ListItem\"><a property=\"item\" typeof=\"WebPage\" title=\"Vai a Stretto di Messina S.p.A..\" href=\"https:\/\/strettodimessina.it\/web\" class=\"home\" ><span property=\"name\">Stretto di Messina S.p.A.<\/span><\/a><meta property=\"position\" content=\"1\"><\/span> &gt; <span property=\"itemListElement\" typeof=\"ListItem\"><a property=\"item\" typeof=\"WebPage\" title=\"Vai a Archivio News.\" href=\"https:\/\/strettodimessina.it\/web\/archivio-news\/\" class=\"post-root post post-post\" aria-current=\"page\"><span property=\"name\">Archivio News<\/span><\/a><meta property=\"position\" content=\"2\"><\/span>\t\t\t\t<\/div>\n\t\t\t\t<\/div>\n\t\t\t\t<div class=\"elementor-element elementor-element-bc1b5b1 elementor-widget elementor-widget-html\" data-id=\"bc1b5b1\" data-element_type=\"widget\" data-e-type=\"widget\" data-widget_type=\"html.default\">\n\t\t\t\t<div class=\"elementor-widget-container\">\n\t\t\t\t\t<style>\n    .elementor a {\n    box-shadow: none;\n    text-decoration: none;\n    color: #156fbf;\n    font-weight: bold;\n}\n\n.elementor-widget-accordion .elementor-tab-content {\n    color: #222 !important;\n}\n.page-title-bar {\n    display: none;\n}\n.line-bianca {\n    .tree ul li::after {\n    border-top: 10px solid red !important;\n    }\n    \n<\/style>\t\t\t\t<\/div>\n\t\t\t\t<\/div>\n\t\t\t\t\t<\/div>\n\t\t<\/div>\n\t\t\t\t\t<\/div>\n\t\t<\/section>\n\t\t<div class=\"elementor-element elementor-element-5a8eddd e-flex e-con-boxed e-con e-parent\" data-id=\"5a8eddd\" data-element_type=\"container\" data-e-type=\"container\">\n\t\t\t\t\t<div class=\"e-con-inner\">\n\t\t<div class=\"elementor-element elementor-element-1994d85 e-con-full e-flex e-con e-child\" data-id=\"1994d85\" data-element_type=\"container\" data-e-type=\"container\" data-settings=\"{&quot;background_background&quot;:&quot;classic&quot;}\">\n\t\t\t\t<div class=\"elementor-element elementor-element-4440789 elementor-widget elementor-widget-html\" data-id=\"4440789\" data-element_type=\"widget\" data-e-type=\"widget\" data-widget_type=\"html.default\">\n\t\t\t\t<div class=\"elementor-widget-container\">\n\t\t\t\t\t\t\t<div data-elementor-type=\"container\" data-elementor-id=\"14966\" class=\"elementor elementor-14966\" data-elementor-post-type=\"elementor_library\">\n\t\t\t\t<div class=\"elementor-element elementor-element-ee0f442 e-con-full e-flex e-con e-parent\" data-id=\"ee0f442\" data-element_type=\"container\" data-e-type=\"container\">\n\t\t\t\t<div class=\"elementor-element elementor-element-7df993a elementor-widget-divider--view-line elementor-widget elementor-widget-divider\" data-id=\"7df993a\" data-element_type=\"widget\" data-e-type=\"widget\" data-widget_type=\"divider.default\">\n\t\t\t\t<div class=\"elementor-widget-container\">\n\t\t\t\t\t\t\t<div class=\"elementor-divider\">\n\t\t\t<span class=\"elementor-divider-separator\">\n\t\t\t\t\t\t<\/span>\n\t\t<\/div>\n\t\t\t\t\t\t<\/div>\n\t\t\t\t<\/div>\n\t\t\t\t<div class=\"elementor-element elementor-element-86f1b7e elementor-widget elementor-widget-heading\" data-id=\"86f1b7e\" data-element_type=\"widget\" data-e-type=\"widget\" data-widget_type=\"heading.default\">\n\t\t\t\t<div class=\"elementor-widget-container\">\n\t\t\t\t\t<h2 class=\"elementor-heading-title elementor-size-default\">Sezioni<\/h2>\t\t\t\t<\/div>\n\t\t\t\t<\/div>\n\t\t\t\t<div class=\"elementor-element elementor-element-b0c8a69 elementor-widget-divider--view-line elementor-widget elementor-widget-divider\" data-id=\"b0c8a69\" data-element_type=\"widget\" data-e-type=\"widget\" data-widget_type=\"divider.default\">\n\t\t\t\t<div class=\"elementor-widget-container\">\n\t\t\t\t\t\t\t<div class=\"elementor-divider\">\n\t\t\t<span class=\"elementor-divider-separator\">\n\t\t\t\t\t\t<\/span>\n\t\t<\/div>\n\t\t\t\t\t\t<\/div>\n\t\t\t\t<\/div>\n\t\t\t\t<div class=\"elementor-element elementor-element-d1a6550 elementor-widget elementor-widget-text-editor\" data-id=\"d1a6550\" data-element_type=\"widget\" data-e-type=\"widget\" data-widget_type=\"text-editor.default\">\n\t\t\t\t<div class=\"elementor-widget-container\">\n\t\t\t\t\t\t\t\t\t<ul><li><h3 style=\"font-size: 15px; font-weight: 600; text-transform: none;\"><a href=\"https:\/\/strettodimessina.it\/web\/faq-domande-frequenti-ponte-sullo-stretto-di-messina\/#sez1\">Il progetto tecnico del Ponte sullo Stretto di Messina<\/a><\/h3><\/li><li><h3 style=\"font-size: 15px; font-weight: 600; text-transform: none;\"><a href=\"https:\/\/strettodimessina.it\/web\/faq-domande-frequenti-ponte-sullo-stretto-di-messina\/#sez2\">Tappe del progetto e i ruoli<\/a><\/h3><\/li><li><h3 style=\"font-size: 15px; font-weight: 600; text-transform: none;\"><a href=\"https:\/\/strettodimessina.it\/web\/faq-domande-frequenti-ponte-sullo-stretto-di-messina\/#sez3\">Aspetti economico sociali<\/a><\/h3><\/li><li><h3 style=\"font-size: 15px; font-weight: 600; text-transform: none;\"><a href=\"https:\/\/strettodimessina.it\/web\/faq-domande-frequenti-ponte-sullo-stretto-di-messina\/#sez4\">Gli espropri<\/a><\/h3><\/li><\/ul>\t\t\t\t\t\t\t\t<\/div>\n\t\t\t\t<\/div>\n\t\t\t\t<div class=\"elementor-element elementor-element-2d1260c elementor-widget-divider--view-line elementor-widget elementor-widget-divider\" data-id=\"2d1260c\" data-element_type=\"widget\" data-e-type=\"widget\" data-widget_type=\"divider.default\">\n\t\t\t\t<div class=\"elementor-widget-container\">\n\t\t\t\t\t\t\t<div class=\"elementor-divider\">\n\t\t\t<span class=\"elementor-divider-separator\">\n\t\t\t\t\t\t<\/span>\n\t\t<\/div>\n\t\t\t\t\t\t<\/div>\n\t\t\t\t<\/div>\n\t\t\t\t<\/div>\n\t\t\t\t<\/div>\n\t\t\t\t\t\t<\/div>\n\t\t\t\t<\/div>\n\t\t\t\t<\/div>\n\t\t<div class=\"elementor-element elementor-element-4a5d287 animated-fast e-con-full e-flex e-con e-child\" data-id=\"4a5d287\" data-element_type=\"container\" data-e-type=\"container\" data-settings=\"{&quot;animation&quot;:&quot;none&quot;}\">\n\t\t\t\t<div class=\"elementor-element elementor-element-b4a67ed elementor-widget elementor-widget-text-editor\" data-id=\"b4a67ed\" data-element_type=\"widget\" data-e-type=\"widget\" data-widget_type=\"text-editor.default\">\n\t\t\t\t<div class=\"elementor-widget-container\">\n\t\t\t\t\t\t\t\t\t<p><strong>Il DL Infrastrutture ha inserito semplificazioni procedurali a favore degli espropriandi e una maggiore valorizzazione delle indennit\u00e0 di esproprio.<br \/><\/strong>Secondo quanto riportato dal DL, in caso di stipulazione di atto di cessione volontaria entro un mese dalla dichiarazione di pubblica utilit\u00e0, ai pieni proprietari da almeno dodici mesi dalla data di entrata in vigore dello stesso, che abbiano stipulato l\u2019atto di cessione di cui sopra, viene corrisposta, nel termine di trenta giorni dalla trascrizione di quel medesimo atto, un\u2019indennit\u00e0 composta dal valore venale dell\u2019immobile maggiorato del 15 per cento.<br \/>Inoltre, agli atti di cessione di cui sopra non si applicano gli obblighi previsti dalla normativa vigente in materia edilizia, urbanistica ed energetica, nonch\u00e9 di conformit\u00e0 catastale.<br \/>In caso di cessione di immobile adibito ad uso di prima casa \u00e8 inoltre riconosciuta un\u2019indennit\u00e0 aggiuntiva di ricollocazione abitativa, fino ad un importo massimo di euro 40.000, da quantificarsi sulla base delle circostanze del caso concreto, al fine di tenere conto delle spese per l&#8217;acquisto degli arredi e di ogni altra spesa accessoria per la ricollocazione abitativa. All\u2019indennit\u00e0 aggiuntiva di ricollocazione abitativa hanno diritto anche i locatari che comprovino il relativo titolo con un contratto di locazione regolarmente registrato da almeno un anno dalla data di entrata in vigore del DL.<br \/><em>Nel caso in cui il proprietario o il locatario non provi la residenza nell&#8217;immobile da almeno dodici mesi alla data di entrata in vigore del DL (ossia dal 30.06.2024), l&#8217;indennit\u00e0 aggiuntiva di ricollocazione abitativa \u00e8 ridotta a 10.000 euro.<br \/><\/em>Per quanto attiene, invece, agli usufruttuari, agli stessi \u00e8 corrisposta, nel termine di trenta giorni dalla trascrizione degli atti di cessione, la quota dell\u2019indennit\u00e0 sopra menzionata, calcolata utilizzando i coefficienti di cui al decreto del Ministero dell&#8217;economia e delle finanze 21 dicembre 2023, con corrispondente diminuzione della quota liquidata al nudo proprietario.\u00a0Da ultimo la disposizione precisa che quanto sopra descritto trova applicazione anche per gli immobili indicati dal piano particellare di esproprio che ospitano la sede operativa di imprese. In tal caso l\u2019indennit\u00e0 aggiuntiva \u00e8 quantificata tenendo conto del valore venale dell&#8217;immobile maggiorato del 9 per cento per le aree coperte e del 3 per cento per le aree scoperte. Per assicurare la ripresa delle attivit\u00e0 economiche, alle imprese di cui sopra \u00e8 inoltre corrisposta un&#8217;indennit\u00e0 per ristorare la perdita delle attrezzature, dei macchinari e dei materiali aziendali ovvero la spesa per il loro recupero e trasferimento.<\/p>\t\t\t\t\t\t\t\t<\/div>\n\t\t\t\t<\/div>\n\t\t<div class=\"elementor-element elementor-element-5254d18 e-con-full e-flex e-con e-child\" data-id=\"5254d18\" data-element_type=\"container\" data-e-type=\"container\">\n\t\t\t\t<div class=\"elementor-element elementor-element-566102e elementor-align-center elementor-button-primary elementor-widget elementor-widget-button\" data-id=\"566102e\" data-element_type=\"widget\" data-e-type=\"widget\" data-widget_type=\"button.default\">\n\t\t\t\t<div class=\"elementor-widget-container\">\n\t\t\t\t\t        <div class=\"elementor-button-wrapper\">\n            <a href=\"https:\/\/strettodimessina.it\/web\/faq-domande-frequenti-ponte-sullo-stretto-di-messina\/\" class=\"elementor-button-link elementor-button elementor-size-lg\" role=\"button\">\n                \t\t<span class=\"elementor-button-content-wrapper\">\n\t\t\t\t\t\t\t\t\t<span class=\"elementor-button-text\">Torna indietro<\/span>\n\t\t\t\t\t<\/span>\n\t\t            <\/a>\n        <\/div>\n        \t\t\t\t<\/div>\n\t\t\t\t<\/div>\n\t\t\t\t<\/div>\n\t\t\t\t<\/div>\n\t\t\t\t\t<\/div>\n\t\t\t\t<\/div>\n\t\t\t\t<\/div>\n\t\t","protected":false},"excerpt":{"rendered":"<p>Il DL Infrastrutture ha inserito semplificazioni procedurali a favore degli espropriandi e una maggiore valorizzazione delle indennit\u00e0 di esproprio.Secondo quanto riportato dal DL, in caso di stipulazione di atto di cessione volontaria entro un mese dalla dichiarazione di pubblica utilit\u00e0, ai pieni proprietari da almeno dodici mesi dalla data di entrata in vigore dello stesso, &hellip; <\/p>\n<p class=\"link-more\"><a href=\"https:\/\/strettodimessina.it\/web\/faq-domande-frequenti-ponte-sullo-stretto-di-messina\/quali-sono-le-semplificazioni-e-agevolazioni-recentemente-introdotte-nella-valorizzazione-degli-espropri\/\" class=\"more-link\">Read More <span class=\"screen-reader-text\"> &#8220;Quali sono le semplificazioni e agevolazioni recentemente introdotte nella valorizzazione degli espropri?&#8221;<\/span><\/a><\/p>\n","protected":false},"author":1,"featured_media":0,"parent":2686,"menu_order":0,"comment_status":"closed","ping_status":"closed","template":"elementor_theme","meta":{"inline_featured_image":false,"footnotes":""},"class_list":["post-17745","page","type-page","status-publish","hentry"],"aioseo_notices":[],"_links":{"self":[{"href":"https:\/\/strettodimessina.it\/web\/wp-json\/wp\/v2\/pages\/17745","targetHints":{"allow":["GET"]}}],"collection":[{"href":"https:\/\/strettodimessina.it\/web\/wp-json\/wp\/v2\/pages"}],"about":[{"href":"https:\/\/strettodimessina.it\/web\/wp-json\/wp\/v2\/types\/page"}],"author":[{"embeddable":true,"href":"https:\/\/strettodimessina.it\/web\/wp-json\/wp\/v2\/users\/1"}],"replies":[{"embeddable":true,"href":"https:\/\/strettodimessina.it\/web\/wp-json\/wp\/v2\/comments?post=17745"}],"version-history":[{"count":4,"href":"https:\/\/strettodimessina.it\/web\/wp-json\/wp\/v2\/pages\/17745\/revisions"}],"predecessor-version":[{"id":17809,"href":"https:\/\/strettodimessina.it\/web\/wp-json\/wp\/v2\/pages\/17745\/revisions\/17809"}],"up":[{"embeddable":true,"href":"https:\/\/strettodimessina.it\/web\/wp-json\/wp\/v2\/pages\/2686"}],"wp:attachment":[{"href":"https:\/\/strettodimessina.it\/web\/wp-json\/wp\/v2\/media?parent=17745"}],"curies":[{"name":"wp","href":"https:\/\/api.w.org\/{rel}","templated":true}]}}

<div data-elementor-type="wp-post" data-elementor-id="17745" class="elementor elementor-17745" data-elementor-post-type="page">
						<section class="elementor-section elementor-top-section elementor-element elementor-element-c7ac5c4 elementor-section-boxed elementor-section-height-default elementor-section-height-default" data-id="c7ac5c4" data-element_type="section" data-e-type="section">
						<div class="elementor-container elementor-column-gap-default">
					<div class="elementor-column elementor-col-100 elementor-top-column elementor-element elementor-element-8bcc195" data-id="8bcc195" data-element_type="column" data-e-type="column">
			<div class="elementor-widget-wrap elementor-element-populated">
						<div class="elementor-element elementor-element-b9ea2de elementor-widget elementor-widget-wp-widget-bcn_widget" data-id="b9ea2de" data-element_type="widget" data-e-type="widget" data-widget_type="wp-widget-bcn_widget.default">
				<div class="elementor-widget-container">
					<span property="itemListElement" typeof="ListItem"><a property="item" typeof="WebPage" title="Vai a Stretto di Messina S.p.A.." href="https://strettodimessina.it/web" class="home" ><span property="name">Stretto di Messina S.p.A.</span></a><meta property="position" content="1"></span> &gt; <span property="itemListElement" typeof="ListItem"><a property="item" typeof="WebPage" title="Vai a Archivio News." href="https://strettodimessina.it/web/archivio-news/" class="post-root post post-post" aria-current="page"><span property="name">Archivio News</span></a><meta property="position" content="2"></span>				</div>
				</div>
				<div class="elementor-element elementor-element-bc1b5b1 elementor-widget elementor-widget-html" data-id="bc1b5b1" data-element_type="widget" data-e-type="widget" data-widget_type="html.default">
				<div class="elementor-widget-container">
					<style>
    .elementor a {
    box-shadow: none;
    text-decoration: none;
    color: #156fbf;
    font-weight: bold;
}

.elementor-widget-accordion .elementor-tab-content {
    color: #222 !important;
}
.page-title-bar {
    display: none;
}
.line-bianca {
    .tree ul li::after {
    border-top: 10px solid red !important;
    }
    
</style>				</div>
				</div>
					</div>
		</div>
					</div>
		</section>
		<div class="elementor-element elementor-element-5a8eddd e-flex e-con-boxed e-con e-parent" data-id="5a8eddd" data-element_type="container" data-e-type="container">
					<div class="e-con-inner">
		<div class="elementor-element elementor-element-1994d85 e-con-full e-flex e-con e-child" data-id="1994d85" data-element_type="container" data-e-type="container" data-settings="{&quot;background_background&quot;:&quot;classic&quot;}">
				<div class="elementor-element elementor-element-4440789 elementor-widget elementor-widget-html" data-id="4440789" data-element_type="widget" data-e-type="widget" data-widget_type="html.default">
				<div class="elementor-widget-container">
							<div data-elementor-type="container" data-elementor-id="14966" class="elementor elementor-14966" data-elementor-post-type="elementor_library">
				<div class="elementor-element elementor-element-ee0f442 e-con-full e-flex e-con e-parent" data-id="ee0f442" data-element_type="container" data-e-type="container">
				<div class="elementor-element elementor-element-7df993a elementor-widget-divider--view-line elementor-widget elementor-widget-divider" data-id="7df993a" data-element_type="widget" data-e-type="widget" data-widget_type="divider.default">
				<div class="elementor-widget-container">
							<div class="elementor-divider">
			<span class="elementor-divider-separator">
						</span>
		</div>
						</div>
				</div>
				<div class="elementor-element elementor-element-86f1b7e elementor-widget elementor-widget-heading" data-id="86f1b7e" data-element_type="widget" data-e-type="widget" data-widget_type="heading.default">
				<div class="elementor-widget-container">
					<h2 class="elementor-heading-title elementor-size-default">Sezioni</h2>				</div>
				</div>
				<div class="elementor-element elementor-element-b0c8a69 elementor-widget-divider--view-line elementor-widget elementor-widget-divider" data-id="b0c8a69" data-element_type="widget" data-e-type="widget" data-widget_type="divider.default">
				<div class="elementor-widget-container">
							<div class="elementor-divider">
			<span class="elementor-divider-separator">
						</span>
		</div>
						</div>
				</div>
				<div class="elementor-element elementor-element-d1a6550 elementor-widget elementor-widget-text-editor" data-id="d1a6550" data-element_type="widget" data-e-type="widget" data-widget_type="text-editor.default">
				<div class="elementor-widget-container">
									<ul><li><h3 style="font-size: 15px; font-weight: 600; text-transform: none;"><a href="https://strettodimessina.it/web/faq-domande-frequenti-ponte-sullo-stretto-di-messina/#sez1">Il progetto tecnico del Ponte sullo Stretto di Messina</a></h3></li><li><h3 style="font-size: 15px; font-weight: 600; text-transform: none;"><a href="https://strettodimessina.it/web/faq-domande-frequenti-ponte-sullo-stretto-di-messina/#sez2">Tappe del progetto e i ruoli</a></h3></li><li><h3 style="font-size: 15px; font-weight: 600; text-transform: none;"><a href="https://strettodimessina.it/web/faq-domande-frequenti-ponte-sullo-stretto-di-messina/#sez3">Aspetti economico sociali</a></h3></li><li><h3 style="font-size: 15px; font-weight: 600; text-transform: none;"><a href="https://strettodimessina.it/web/faq-domande-frequenti-ponte-sullo-stretto-di-messina/#sez4">Gli espropri</a></h3></li></ul>								</div>
				</div>
				<div class="elementor-element elementor-element-2d1260c elementor-widget-divider--view-line elementor-widget elementor-widget-divider" data-id="2d1260c" data-element_type="widget" data-e-type="widget" data-widget_type="divider.default">
				<div class="elementor-widget-container">
							<div class="elementor-divider">
			<span class="elementor-divider-separator">
						</span>
		</div>
						</div>
				</div>
				</div>
				</div>
						</div>
				</div>
				</div>
		<div class="elementor-element elementor-element-4a5d287 animated-fast e-con-full e-flex e-con e-child" data-id="4a5d287" data-element_type="container" data-e-type="container" data-settings="{&quot;animation&quot;:&quot;none&quot;}">
				<div class="elementor-element elementor-element-b4a67ed elementor-widget elementor-widget-text-editor" data-id="b4a67ed" data-element_type="widget" data-e-type="widget" data-widget_type="text-editor.default">
				<div class="elementor-widget-container">
									<p><strong>Il DL Infrastrutture ha inserito semplificazioni procedurali a favore degli espropriandi e una maggiore valorizzazione delle indennità di esproprio.<br /></strong>Secondo quanto riportato dal DL, in caso di stipulazione di atto di cessione volontaria entro un mese dalla dichiarazione di pubblica utilità, ai pieni proprietari da almeno dodici mesi dalla data di entrata in vigore dello stesso, che abbiano stipulato l’atto di cessione di cui sopra, viene corrisposta, nel termine di trenta giorni dalla trascrizione di quel medesimo atto, un’indennità composta dal valore venale dell’immobile maggiorato del 15 per cento.<br />Inoltre, agli atti di cessione di cui sopra non si applicano gli obblighi previsti dalla normativa vigente in materia edilizia, urbanistica ed energetica, nonché di conformità catastale.<br />In caso di cessione di immobile adibito ad uso di prima casa è inoltre riconosciuta un’indennità aggiuntiva di ricollocazione abitativa, fino ad un importo massimo di euro 40.000, da quantificarsi sulla base delle circostanze del caso concreto, al fine di tenere conto delle spese per l&#8217;acquisto degli arredi e di ogni altra spesa accessoria per la ricollocazione abitativa. All’indennità aggiuntiva di ricollocazione abitativa hanno diritto anche i locatari che comprovino il relativo titolo con un contratto di locazione regolarmente registrato da almeno un anno dalla data di entrata in vigore del DL.<br /><em>Nel caso in cui il proprietario o il locatario non provi la residenza nell&#8217;immobile da almeno dodici mesi alla data di entrata in vigore del DL (ossia dal 30.06.2024), l&#8217;indennità aggiuntiva di ricollocazione abitativa è ridotta a 10.000 euro.<br /></em>Per quanto attiene, invece, agli usufruttuari, agli stessi è corrisposta, nel termine di trenta giorni dalla trascrizione degli atti di cessione, la quota dell’indennità sopra menzionata, calcolata utilizzando i coefficienti di cui al decreto del Ministero dell&#8217;economia e delle finanze 21 dicembre 2023, con corrispondente diminuzione della quota liquidata al nudo proprietario. Da ultimo la disposizione precisa che quanto sopra descritto trova applicazione anche per gli immobili indicati dal piano particellare di esproprio che ospitano la sede operativa di imprese. In tal caso l’indennità aggiuntiva è quantificata tenendo conto del valore venale dell&#8217;immobile maggiorato del 9 per cento per le aree coperte e del 3 per cento per le aree scoperte. Per assicurare la ripresa delle attività economiche, alle imprese di cui sopra è inoltre corrisposta un&#8217;indennità per ristorare la perdita delle attrezzature, dei macchinari e dei materiali aziendali ovvero la spesa per il loro recupero e trasferimento.</p>								</div>
				</div>
		<div class="elementor-element elementor-element-5254d18 e-con-full e-flex e-con e-child" data-id="5254d18" data-element_type="container" data-e-type="container">
				<div class="elementor-element elementor-element-566102e elementor-align-center elementor-button-primary elementor-widget elementor-widget-button" data-id="566102e" data-element_type="widget" data-e-type="widget" data-widget_type="button.default">
				<div class="elementor-widget-container">
					        <div class="elementor-button-wrapper">
            <a href="https://strettodimessina.it/web/faq-domande-frequenti-ponte-sullo-stretto-di-messina/" class="elementor-button-link elementor-button elementor-size-lg" role="button">
                		<span class="elementor-button-content-wrapper">
									<span class="elementor-button-text">Torna indietro</span>
					</span>
		            </a>
        </div>
        				</div>
				</div>
				</div>
				</div>
					</div>
				</div>
				</div>

<p>Il DL Infrastrutture ha inserito semplificazioni procedurali a favore degli espropriandi e una maggiore valorizzazione delle indennità di esproprio.Secondo quanto riportato dal DL, in caso di stipulazione di atto di cessione volontaria entro un mese dalla dichiarazione di pubblica utilità, ai pieni proprietari da almeno dodici mesi dalla data di entrata in vigore dello stesso, &hellip; </p>
<p class="link-more"><a href="https://strettodimessina.it/web/faq-domande-frequenti-ponte-sullo-stretto-di-messina/quali-sono-le-semplificazioni-e-agevolazioni-recentemente-introdotte-nella-valorizzazione-degli-espropri/" class="more-link">Read More <span class="screen-reader-text"> &#8220;Quali sono le semplificazioni e agevolazioni recentemente introdotte nella valorizzazione degli espropri?&#8221;</span></a></p>
